?
False
Is 71620007 a composite number?
True
Is 57798091 a composite number?
True
Is 12279845 a composite number?
True
Is 199990237 prime?
True
Is 129465283 composite?
False
Is 183323149 a prime number?
True
Is 36558259 a prime number?
True
Is 11681543 composite?
False
Is 71302669 prime?
True
Is 220511 composite?
False
Is 351149 composite?
True
Is 1313849 composite?
True
Is 1242739 a prime number?
True
Is 5233135 a composite number?
True
Is 219503287 prime?
True
Is 14760583 composite?
False
Is 115101629 prime?
True
Is 6244783 prime?
False
Is 515870819 prime?
False
Is 9270857 a prime number?
False
Is 53293819 prime?
False
Is 1818601 composite?
True
Is 5446333 composite?
True
Is 24593623 prime?
False
Is 96883837 a composite number?
False
Is 83181659 prime?
False
Is 5188219 composite?
False
Is 2221127 a prime number?
True
Is 321332597 prime?
True
Is 979793 prime?
False
Is 159818641 a composite number?
True
Is 15793133 a prime number?
False
Is 7365269 a composite number?
False
Is 1747355 composite?
True
Is 561571 a composite number?
True
Is 55752341 a composite number?
True
Is 65820134 a composite number?
True
Is 5546419 prime?
True
Is 984299 prime?
True
Is 130555987 a prime number?
True
Is 149263 prime?
False
Is 4071097 composite?
False
Is 53177543 composite?
True
Is 1065503 composite?
False
Is 22891 prime?
False
Is 5340551 prime?
False
Is 2482841 composite?
False
Is 2075231 prime?
True
Is 46570253 a prime number?
True
Is 138942803 a composite number?
False
Is 2639861 composite?
True
Is 71696389 prime?
True
Is 39035837 a prime number?
True
Is 523477 composite?
True
Is 5604229 a composite number?
False
Is 21241879 prime?
False
Is 8083783 composite?
True
Is 95556049 prime?
False
Is 1659697 prime?
False
Is 437752669 a composite number?
True
Is 86865443 composite?
True
Is 16832329 a composite number?
True
Is 2142209 a composite number?
True
Is 19251151 composite?
False
Is 170190167 a prime number?
False
Is 14461 prime?
True
Is 1393361 a prime number?
True
Is 1416445 composite?
True
Is 3702377 a prime number?
False
Is 1543951 a prime number?
True
Is 17543951 a composite number?
False
Is 3047479 a composite number?
False
Is 168051971 composite?
False
Is 65994827 a prime number?
True
Is 1451819 a prime number?
False
Is 7546597 a prime number?
False
Is 285471383 composite?
False
Is 65996519 composite?
True
Is 300946417 prime?
False
Is 87410831 composite?
False
Is 28158007 prime?
False
Is 26866387 a prime number?
True
Is 8519897 a prime number?
True
Is 1350517 a composite number?
True
Is 65474191 composite?
True
Is 67876663 composite?
False
Is 65758897 a prime number?
True
Is 258187217 prime?
True
Is 301267 a composite number?
False
Is 452759 a prime number?
True
Is 2332073 a prime number?
False
Is 636039889 prime?
True
Is 2578539 prime?
False
Is 32710253 composite?
False
Is 1105807 a prime number?
True
Is 56462411 a composite number?
False
Is 1266106 prime?
False
Is 46813521 prime?
False
Is 2180741 a prime number?
True
Is 103706719 a prime number?
False
Is 17526571 a composite number?
False
Is 31218689 a prime number?
False
Is 745211 composite?
True
Is 87410593 prime?
False
Is 125315413 composite?
False
Is 2769541 a composite number?
False
Is 36688339 a prime number?
False
Is 2868851 composite?
False
Is 70022279 a composite number?
False
Is 1018432367 a prime number?
False
Is 149075555 prime?
False
Is 62929033 prime?
True
Is 99262079 composite?
True
Is 2807239 prime?
True
Is 962267 a composite number?
False
Is 20830871 composite?
True
Is 582037177 a composite number?
True
Is 1320293 a prime number?
False
Is 5608301 prime?
False
Is 148377 prime?
False
Is 51749 prime?
True
Is 145375759 prime?
False
Is 240473 composite?
False
Is 11260231 prime?
True
Is 9104713 a composite number?
True
Is 709603 prime?
True
Is 1931973 a composite number?
True
Is 1574527 a composite number?
False
Is 22768501 composite?
True
Is 1528333 a composite number?
False
Is 7191641 a composite number?
False
Is 1541539 a prime number?
True
Is 5811461 a composite number?
False
Is 21550285 a prime number?
False
Is 4407653 prime?
True
Is 697831 prime?
True
Is 11738471 composite?
False
Is 3608065 prime?
False
Is 82766039 a composite number?
False
Is 576461 a composite number?
False
Is 798418265 a prime number?
False
Is 260701 a prime number?
False
Is 1770217 prime?
True
Is 38321539 a prime number?
True
Is 830867 prime?
False
Is 3477974 a prime number?
False
Is 478865 composite?
True
Is 461093 a prime number?
True
Is 16632997 a composite number?
False
Is 243112839 composite?
True
Is 22014134 prime?
False
Is 35491 prime?
True
Is 244458161 composite?
True
Is 178350193 a prime number?
False
Is 191837431 prime?
False
Is 23572669 prime?
False
Is 686758 a prime number?
False
Is 1871039 a composite number?
False
Is 843602 a prime number?
False
Is 13511669 prime?
True
Is 2593105 a prime number?
False
Is 28618411 prime?
True
Is 182755145 a prime number?
False
Is 18843437 a composite number?
False
Is 3713399 prime?
True
Is 952535 composite?
True
Is 118159 a prime number?
False
Is 3911217 a prime number?
False
Is 36488287 prime?
False
Is 136359565 a prime number?
False
Is 7257739 prime?
True
Is 39467711 a prime number?
False
Is 1050544823 a composite number?
True
Is 4874489 prime?
True
Is 52788937 a composite number?
False
Is 158480321 composite?
False
Is 2452943 a prime number?
False
Is 23150431 a prime number?
True
Is 88881059 a composite number?
True
Is 497711 composite?
False
Is 200394829 a composite number?
True
Is 11237311 a prime number?
False
Is 20998486 prime?
False
Is 224948861 composite?
False
Is 275687 a composite number?
True
Is 2633203 a prime number?
True
Is 167521 prime?
True
Is 53875495 composite?
True
Is 32284313 a prime number?
False
Is 171814946 a composite number?
True
Is 158437 composite?
True
Is 36923011 a composite number?
False
Is 1579597 a composite number?
False
Is 2946019 a composite number?
True
Is 20543221 a prime number?
True
Is 21513971 a composite number?
True
Is 8210667 prime?
False
Is 5929037 a composite number?
False
Is 86000623 prime?
True
Is 144298121 a prime number?
False
Is 101464291 a prime number?
True
Is 107114981 a composite number?
False
Is 12182073 a prime number?
False
Is 2060687 prime?
True
Is 261088429 prime?
False
Is 4291343 a composite number?
True
Is 11668994 a prime number?
False
Is 161997859 prime?
True
Is 90344119 composite?
True
Is 12433067 a prime number?
True
Is 87692921 a prime number?
False
Is 9750085 a prime number?
False
Is 181742777 composite?
True
Is 101881363 prime?
False
Is 344871005 prime?
False
Is 495587087 a composite number?
False
Is 1071589 composite?
False
Is 7117417 composite?
False
Is 1519961 composite?
True
Is 277737113 a composite number?
False
Is 1127609 a prime number?
False
Is 31858147 prime?
False
Is 66886577 composite?
False
Is 1888723 a prime number?
True
Is 13791049 a prime number?
True
Is 3308243 a composite number?
False
Is 293256653 a prime number?
True
Is 124191737 composite?
False
Is 140025031 composite?
False
Is 212781577 prime?
True
Is 240871 prime?
False
Is 26101181 prime?
True
Is 217396057 prime?
True
Is 2287658 a composite number?
True
Is 2446727 a prime number?
False
Is 8053765 prime?
False
Is 50640445 a composite number?
True
Is 1813667 prime?
True
Is 3203251 a prime number?
True
Is 30766867 prime?
True
Is 905551 composite?
False
Is 1731571757 composite?
False
Is 33261 a prime number?
False
Is 3143323 prime?
True
Is 8421251 a composite number?
False
Is 8693179 a prime number?
False
Is 1220503 a composite number?
True
Is 300204221 composite?
False
Is 1238597 prime?
True
Is 11109167 a prime number?
False
Is 25887219 composite?
True
Is 532471 a composite number?
True
Is 1802821 composite?
False
Is 1208073 a composite number?
True
Is 268192727 a prime number?
False
Is 240661 a prime number?
False
Is 3198313 a prime number?
True
Is 29021323 a prime number?
False
Is 13147801 a composite number?
True
Is 3690059 a prime number?
False
Is 63615311 a prime number?
True
Is 733567 a composite number?
True
Is 1145971 a composite number?
False
Is 107507 a composite number?
False
Is 1350823 a composite number?
False
Is 1975771 a prime number?
False
Is 6337033 composite?
True
Is 328237961 composite?
False
Is 2339257 a pri